?
True
Is 1092 a multiple of 96?
False
Is 325 a multiple of 25?
True
Is 104 a factor of 21632?
True
Is 1032 a multiple of 3?
True
Is 36 a factor of 22441?
False
Is 67 a factor of 2770?
False
Is 2904 a multiple of 21?
False
Is 6 a factor of 3448?
False
Does 93 divide 54033?
True
Is 846 a multiple of 18?
True
Is 43 a factor of 4042?
True
Is 124 a factor of 33480?
True
Is 59919 a multiple of 285?
False
Is 112 a factor of 8288?
True
Does 34 divide 2304?
False
Is 756 a multiple of 27?
True
Does 222 divide 51296?
False
Is 27 a factor of 98264?
False
Is 7 a factor of 210?
True
Is 6 a factor of 1395?
False
Is 425 a multiple of 17?
True
Is 896 a multiple of 16?
True
Is 25652 a multiple of 121?
True
Does 7 divide 6069?
True
Is 106 a factor of 18929?
False
Is 160507 a multiple of 38?
False
Is 2990 a multiple of 115?
True
Does 21 divide 4018?
False
Is 48375 a multiple of 9?
True
Is 46 a multiple of 46?
True
Does 37 divide 19129?
True
Is 130 a factor of 81488?
False
Is 22 a factor of 4752?
True
Does 91 divide 10677?
False
Is 1106 a multiple of 7?
True
Is 4368 a multiple of 168?
True
Is 5 a multiple of 2?
False
Is 97 a factor of 970?
True
Does 29 divide 145?
True
Is 1116 a multiple of 18?
True
Is 76 a multiple of 2?
True
Is 5152 a multiple of 23?
True
Does 97 divide 4940?
False
Is 2760 a multiple of 7?
False
Is 9204 a multiple of 59?
True
Is 3630 a multiple of 30?
True
Is 1037 a multiple of 13?
False
Does 9 divide 19649?
False
Is 160 a factor of 37120?
True
Is 13178 a multiple of 101?
False
Is 53 a factor of 7915?
False
Does 248 divide 108182?
False
Is 15714 a multiple of 18?
True
Is 4220 a multiple of 22?
False
Is 114 a multiple of 21?
False
Does 3 divide 298?
False
Is 17040 a multiple of 8?
True
Does 26 divide 43378?
False
Is 4995 a multiple of 37?
True
Does 65 divide 16462?
False
Is 26 a factor of 860?
False
Does 44 divide 1364?
True
Is 123 a factor of 2706?
True
Is 132 a factor of 34452?
True
Does 17 divide 739?
False
Does 9 divide 774?
True
Is 7 a factor of 3948?
True
Does 56 divide 30875?
False
Does 10 divide 763?
False
Is 8 a factor of 691?
False
Is 3 a factor of 24?
True
Is 46 a factor of 5934?
True
Does 4 divide 828?
True
Is 4 a factor of 1473?
False
Does 8 divide 816?
True
Is 753 a multiple of 48?
False
Is 95 a factor of 68115?
True
Is 10 a factor of 320?
True
Is 224 a factor of 27358?
False
Is 5460 a multiple of 182?
True
Does 29 divide 2421?
False
Is 4200 a multiple of 213?
False
Does 101 divide 5189?
False
Is 35397 a multiple of 5?
False
Is 6160 a multiple of 14?
True
Does 87 divide 1653?
True
Does 6 divide 2400?
True
Does 139 divide 105501?
True
Is 8970 a multiple of 138?
True
Does 17 divide 24664?
False
Is 16 a factor of 562?
False
Is 73 a factor of 1825?
True
Is 14 a multiple of 7?
True
Does 6 divide 35?
False
Is 864 a multiple of 108?
True
Does 74 divide 444?
True
Is 16 a factor of 1620?
False
Does 9 divide 444?
False
Does 99 divide 2079?
True
Does 7 divide 33789?
True
Does 13 divide 58?
False
Is 37578 a multiple of 85?
False
Does 15 divide 14145?
True
Is 24 a factor of 20760?
True
Is 567 a multiple of 7?
True
Is 91 a factor of 23890?
False
Is 152 a multiple of 8?
True
Does 12 divide 10056?
True
Does 56 divide 7297?
False
Is 27 a factor of 32589?
True
Is 14 a factor of 1056?
False
Is 5 a factor of 2880?
True
Is 1116 a multiple of 12?
True
Is 39 a factor of 1142?
False
Is 24 a factor of 139680?
True
Is 214 a multiple of 39?
False
Is 3281 a multiple of 17?
True
Is 109 a factor of 2562?
False
Does 178 divide 10371?
False
Does 8 divide 552?
True
Is 5 a factor of 23230?
True
Is 59 a factor of 20082?
False
Is 8 a factor of 16528?
True
Does 7 divide 405?
False
Is 352 a multiple of 68?
False
Is 91 a multiple of 4?
False
Is 9 a factor of 2763?
True
Does 23 divide 21942?
True
Is 6 a factor of 306?
True
Does 67 divide 35436?
False
Does 113 divide 21680?
False
Is 34187 a multiple of 17?
True
Is 3 a factor of 215?
False
Does 8 divide 21352?
True
Is 3572 a multiple of 47?
True
Is 27 a factor of 6075?
True
Is 1293 a multiple of 8?
False
Does 16 divide 40?
False
Does 6 divide 266?
False
Is 14247 a multiple of 165?
False
Is 264 a multiple of 11?
True
Does 3 divide 886?
False
Is 1639 a multiple of 5?
False
Is 24 a multiple of 24?
True
Is 183 a factor of 9089?
False
Does 108 divide 6205?
False
Does 43 divide 2322?
True
Does 145 divide 6973?
False
Is 21794 a multiple of 63?
False
Is 500 a multiple of 50?
True
Does 33 divide 23313?
False
Does 27 divide 621?
True
Is 3851 a multiple of 5?
False
Is 364 a multiple of 4?
True
Is 698 even?
True
Does 36 divide 27666?
False
Does 14 divide 448?
True
Does 7 divide 15022?
True
Is 52 a multiple of 4?
True
Is 16 a factor of 313?
False
Is 6720 a multiple of 112?
True
Is 57848 a multiple of 14?
True
Does 29 divide 1566?
True
Does 26 divide 7202?
True
Does 26 divide 1352?
True
Does 13 divide 2587?
True
Does 33 divide 5596?
False
Does 3 divide 75?
True
Is 5312 a multiple of 32?
True
Is 420 a multiple of 33?
False
Is 22 a factor of 38126?
True
Does 10 divide 38?
False
Does 37 divide 811?
False
Is 182 a multiple of 23?
False
Is 56 a factor of 53424?
True
Is 3775 a multiple of 46?
False
Is 55 a factor of 1362?
False
Is 113 a factor of 226?
True
Is 10 a factor of 240?
True
Does 16 divide 2796?
False
Is 14 a factor of 994?
True
Is 32 a factor of 49984?
True
Is 7 a factor of 1505?
True
Is 139 a multiple of 30?
False
Is 3793 a multiple of 30?
False
Does 51 divide 228?
False
Is 83 a factor of 4067?
True
Does 13 divide 4654?
True
Is 24 a factor of 31676?
False
Is 112 a factor of 2586?
False
Is 8566 a multiple of 225?
False
Is 5 a factor of 6536?
False
Is 23 a factor of 2553?
True
Is 7009 a multiple of 33?
False
Is 22475 a multiple of 155?
True
Does 12 divide 469?
False
Is 9 a factor of 65085?
False
Is 63 a factor of 9387?
True
Does 7 divide 245?
True
Is 501 a multiple of 36?
False
Is 103 a factor of 5150?
True
Is 65 a factor of 3120?
True
Is 20 a factor of 1546?
False
Does 73 divide 1597?
False
Is 24 a factor of 554?
False
Is 5618 a multiple of 3?
False
Is 26 a factor of 45819?
False
Is 3234 a multiple of 42?
True
Is 8134 a multiple of 114?
False
Does 5 divide 1205?
True
Does 41 divide 32554?
True
Is 60 a factor of 2309?
False
Does 57 divide 5529?
True
Is 12 a factor of 420?
True
Does 7 divide 2161?
False
Is 5 a factor of 933?
False
Does 92 divide 3496?
True
Is 6032 a multiple of 66?
False
Is 14 a factor of 533?
False
Is 1413 a multiple of 23?
False
Does 41 divide 3854?
True
Is 24 a factor of 2112?
True
Is 3533 a multiple of 11?
False
Is 24 a multiple of 24?
True
Is 403 a factor of 89869?
True
Is 4215 a multiple of 5?
True
Is 17 a factor of 41293?
True
Does 11 divide 2002?
True
Is 26 a factor of 2199?
False
Does 40 divide 600?
True
Is 130 a factor of 11960?
True
Is 265 a multiple of 7?
False
Is 4846 a multiple of 43?
False
Is 7 a factor of 3522?
False
Is 1093 a multiple of 11?
False
Does 335 divide 42615?
False
Is 2484 a multiple of 276?
True
Is 10 a factor of 4074?
False
Does 3 divide 9396?
True
Is 3477 a multiple of 57?
True
Does 36 divide 97?
False
Is 4 a factor of 90?
False
Is 60 a factor of 2700?
True
Is 12 a factor of 708?
True
Is 164 even?
True
Is 3168 a multiple of 12?
True
Does 4 divide 444?
True
Is 14 a factor of 2674?
True
Is 181 a multiple of 4?
False
Is 13 a factor of 510?
False
Is 43 a factor of 946?
True
Is 347 a multiple of 5?
False
Is 4 a factor of 386?
False
Is 31 a factor of 3658?
True
Does 23 divide 2311?
False
Is 17 a factor of 1479?
True
Is 306 a multiple of 8?
False
Is 9 a factor of 1862?
False
Is 117 a multiple of 11?
False
Is 42 a factor of 26334?
True
Does 12 divide 2112?
True
Is 20 a factor of 17700?
True
Does 55 divide 5377?
False
Is 78 a factor of 1092?
True
Does 73 divide 1387?
True
Is 137 a multiple of 3?
False
Is 868 a multiple of 7?
True
Is 4320 a multiple of 90?
True
Is 47 a factor of 20682?
False
Does 14 divide 42?
True
Is 3456 a multiple of 48?
True
Is 81 a factor of 83187?
True
Does 33 divide 212?
False
Is 4256 a multiple of 56?
True
Is 397 a multiple of 5?
False
Is 3596 a multiple of 116?
True
Is 10 a factor of 8600?
True
Is 13196 a multiple of 11?
False
Is 1780 a multiple of 4?
True
Is 35 a factor of 665?
True
Is 1018 a multiple of 13?
False
Is 3 a factor of 1653?
True
Is 66262 a multiple of 1